he tens digit of c?
7
Suppose 0 = -3*b - 30 + 87. Suppose 4*d + 7 = n - d, d = -4*n + 28. Let v = b - n. What is the tens digit of v?
1
Let x(r) = -3*r - 2 - 11*r**2 + r**3 - 4*r + 8*r**2. Let y(o) = -o**2 - 11*o - 13. Let u be y(-9). What is the tens digit of x(u)?
1
Suppose 0 = o - 5*h - 18, -3*o - h = 2*h. Suppose -o*g + 95 = 8. What is the units digit of g?
9
Suppose -12 = 3*m - 3. Let d be m + 11 + 1 + -1. Suppose -2*b + 10 = 2*a, 3*a - 2*a = -4*b + d. What is the units digit of b?
1
Let p(j) be the second derivative of j**5/20 + j**4/3 + j**3/6 + 2*j**2 - j. What is the units digit of p(-3)?
0
Suppose 5*r - 476 = 2*y, -5*y = -3*y - 4. Suppose 19 + r = 5*o. What is the units digit of o?
3
Let f be 0/((-3)/3*-2). Suppose 4*w - 15 - 5 = f. Suppose 0*d = -w*d + 70. What is the units digit of d?
4
Let q be (2/(-4))/(2/16). Let x be (0 - 2/q)*4. Suppose -5*n = -0*z - 4*z + 12, 0 = x*n. What is the units digit of z?
3
What is the units digit of -3*-5*(-32)/(-12)?
0
Suppose 53 = 2*x + 5*h, -4*x + 151 = h + 54. Suppose 0*j + 4*j - x = 0. What is the units digit of j?
6
Let q(j) = -j - j - 2*j. Let f be (-6)/(-27) - (-20)/(-9). What is the units digit of q(f)?
8
Let p(t) = -66*t + 2. What is the hundreds digit of p(-3)?
2
Let j(t) = 2*t**2 + 3*t. Let y be j(3). Suppose -z - 2*v - 10 = 0, 4*z + 54 = z + 2*v. Let p = y + z. What is the tens digit of p?
1
Let v(s) = s**2 + 7*s + 9. Suppose 2 = -3*k - 19. What is the units digit of v(k)?
9
Let q = -247 + 172. Let k = -26 - q. What is the tens digit of k?
4
Suppose i = 4, -144 = -2*d - 2*i + 20. What is the units digit of d?
8
What is the tens digit of 2*(0 - -1) - -45?
4
Let j be (-10)/(-4)*(-2)/(-5). Suppose -t = 3 - j. What is the units digit of (-2)/(-4) - t/4?
1
Let n = 222 - -62. What is the tens digit of n?
8
Let l = -9 + 15. Suppose -5*s + 0*n = 4*n + 8, s = -2*n - 4. Let q = l + s. What is the units digit of q?
6
Let y be ((-2)/4)/((-5)/180). Suppose 2*j = 4*m + y, 2*j + 3*m = m. What is the units digit of j?
3
Let o(k) = 4*k**2 - 11*k + 28. What is the hundreds digit of o(7)?
1
Let c(m) be the third derivative of 0 - 1/3*m**4 + 0*m + 1/60*m**5 - 2*m**2 + 1/2*m**3. What is the tens digit of c(9)?
1
Let w be (3 - 0 - 0) + 18. Let m = w + -2. What is the units digit of m?
9
Let d = 161 - 38. What is the hundreds digit of d?
1
What is the hundreds digit of (-2)/(-16) + (-28782)/(-144)?
2
Suppose 4*t - 1 + 5 = 0. What is the tens digit of t + -1 - -5 - -11?
1
Suppose 0 = -0*z + z - 2. Let r be (-4)/(z + 6/(-2)). Suppose -r*x + 4 = -0*x. What is the units digit of x?
1
Suppose -7 = -2*h + 3. Suppose -z - 1 = -q - h, 0 = -2*q. What is the units digit of z?
4
Suppose 0 = 4*g - 120 - 132. What is the units digit of g?
3
Suppose q = 4*r - q - 10, -3*q + 1 = -2*r. Suppose 0*i + 2*i - 3*w - 19 = 0, 0 = -2*i - 2*w + 24. Suppose -25 = -r*g + i. What is the units digit of g?
9
Let s(j) = -16*j**3 + j**2 + 2*j + 1. What is the tens digit of s(-1)?
1
Suppose -z + 5 = 2. Suppose -z*r + 128 = r. What is the units digit of r?
2
Let f = -2 - -1. What is the units digit of (-3)/((-9)/6) + f?
1
Let s(k) = -40*k - 26. What is the hundreds digit of s(-5)?
1
Let v = 5 + -2. Suppose -v*h + 0 + 6 = 0. What is the units digit of h?
2
Let j = 21 - 15. What is the units digit of j?
6
Suppose -5*z + 10 = 0, 0 = y + 3*y + z - 478. What is the hundreds digit of y?
1
What is the tens digit of (1 - -1)/(16/224)?
2
Let d = -15 + 39. Let z = d - 11. What is the units digit of z?
3
Suppose -50 = 5*i - 6*i. What is the tens digit of i?
5
Let a(f) = 1 - 4*f + 0*f - f - f**2 + 2*f**2. What is the units digit of a(7)?
5
Suppose -14 = -4*f + 2*g, f - 8 = -0*f - 4*g. Let s be (3 - 2)*f + -2. Suppose -3*d + 2*d = 2*h - 6, -12 = -2*d + s*h. What is the units digit of d?
6
Let a(y) = -2*y - 9. Let s be (-7)/((-2)/(-2 - 0)). Let b be a(s). Let j(g) = g**2 - 5*g + 2. What is the units digit of j(b)?
2
Let o = 79 - 49. What is the tens digit of o?
3
Let j(f) = -2*f**2 - 5*f - 4. Let s be j(-3). Let u(n) = 3*n + 6 - n - 3*n. What is the tens digit of u(s)?
1
What is the tens digit of (-564)/(-8)*(-10)/(-15)?
4
Suppose 0 = 2*w - 4 - 2. Suppose 3*g - 7*p - 36 = -3*p, 0 = -g - w*p + 12. What is the units digit of g?
2
Suppose 0*s - 46 = -2*w + 4*s, -5*s = -4*w + 104. What is the tens digit of w?
3
Let o(p) be the third derivative of p**5/60 + 13*p**3/6 - 2*p**2. Let c(m) = m**2 - 5*m + 4. Let b be c(4). What is the units digit of o(b)?
3
Suppose 115 = -10*p + 15*p. What is the units digit of p?
3
Let x be (-2 - -1) + 2/2. Suppose -b + 30 - 6 = x. What is the tens digit of b?
2
Suppose 0*t = -4*t + 172. Let c = t + -62. What is the units digit of -2 - (2 - c)/(-3)?
5
Let y(w) = -5*w - 12. Let g be y(-8). Let x = g - 19. What is the units digit of x?
9
Let a = 4 + 30. What is the units digit of a?
4
Suppose 0 = -0*m + 4*m - 100. What is the tens digit of m?
2
Suppose -4*l - 5*w + 4 = 0, -2*w = 4*l + 3 - 7. Suppose -3*m = -2*o - 52, -8*o + 4*o = -3*m + 50. What is the tens digit of (-153)/m*l*-2?
1
Suppose 0*r - 4*r + u + 24 = 0, 4*u = 3*r - 31. What is the units digit of r?
5
Suppose -4*t = -3*v - 122, 0*t + 5*t - 153 = 4*v. What is the units digit of t?
9
Let u(a) = -a + 10. What is the units digit of u(8)?
2
Suppose -4*b + 130 = b - 3*l, -2*l = 10. Suppose 5*t = b + 17. Let w = -4 + t. What is the units digit of w?
4
Let q = 40 + -3. What is the units digit of q?
7
Suppose -6*u = -543 - 63. What is the units digit of u?
1
Suppose -3*z + 5*z - 4 = -3*u, -2*z = 2*u - 4. Let y be (2/3)/z*9. Suppose -y*v = -3*t - 27, 4*v = -0*v - 2*t + 24. What is the units digit of v?
7
Suppose -1 = 2*k + 17. Let x = 18 + k. Let r = -6 + x. What is the units digit of r?
3
Let v(n) = 6*n**2 + 3*n - 20. What is the tens digit of v(4)?
8
Suppose -4*o = 3*b - 7*o - 3, b + 5*o = 19. Suppose 3*u = 5*u - 22. Let q = u - b. What is the units digit of q?
7
Let y be (-36)/(-10) + (-6)/10. Suppose 4*h - 27 + y = 0. Suppose 0 = -r + 2*r - h. What is the units digit of r?
6
Suppose -6*v + 279 = 27. What is the tens digit of 4/(-5)*(17 - v)?
2
Let q = -22 + 39. What is the units digit of q?
7
Suppose 11*x = 15*x - 800. What is the hundreds digit of x?
2
Let j = 4 + -1. Suppose -4*l - h = j*h - 40, -3*h = 3. What is the tens digit of l?
1
Suppose 2*v - 32 = 90. Suppose -55 - v = -4*c + 2*q, -4*c + 128 = -5*q. What is the units digit of c?
7
Let n = 26 - 11. Let r = 8 + n. What is the tens digit of r?
2
Let o(d) = -d - 7. What is the units digit of o(-12)?
5
Let j(q) = -5*q - 1. Let u be j(5). Let k = u + 43. What is the units digit of k?
7
Let t(n) = -n**2 + 9*n + 5. Let b be t(9). Suppose 3*w - 254 = -b*v, -4*v + w + 214 = -2*w. Suppose -4*f + 4 = -v. What is the tens digit of f?
1
Let q = -52 + 65. What is the tens digit of q?
1
Suppose 2*d + 8 = 2, -5*u + 4*d + 17 = 0. What is the units digit of -5 + 7 - (u - 3)?
4
Let u(x) = x**2 + 6*x - 5. Let a be u(-7). Suppose -3*s = -s - 3*w + 4, 16 = -s - a*w. What is the units digit of ((-6)/s)/((-1)/(-4))?
3
Suppose 12 = -4*u + 116. What is the units digit of u?
6
Let r be 83/6 - 1/(-6). Suppose -4*i + r = 6. Let k = i - 1. What is the units digit of k?
1
Let l be ((-8)/(-20) - (-18)/(-20))*-12. Let j be -1 - 1*(-6)/2. What is the tens digit of 4/l*39/j?
1
Suppose 3*q - q = -g + 5, 0 = -q + 4*g - 2. Suppose 0 = q*h - 4*h + 22. What is the tens digit of h?
1
Let f = 3 - 0. Let h(r) = r**2 + 4*r. Let w be h(-4). Suppose w = -5*c + f*v + 36, 4*c = -v + 6*v + 34. What is the units digit of c?
6
Suppose o - 5*o = -20. Let k(u) be the third derivative of u**6/120 - u**5/10 + 7*u**4/24 + u**3/3 - 3*u**2. What is the tens digit of k(o)?
1
Suppose -r = 5 - 8. Suppose 3*i + 2*n = 19, -r*n = -5*i - 6 + 25. What is the units digit of i?
5
Suppose 0 = -4*y - 3*r + 137, -2*y - y = -3*r - 129. What is the tens digit of y?
3
Let p = -130 - -62. Let g = -39 - p. What is the tens digit of g?
2
Suppose k + 0*t - 9 = 5*t, 0 = t + 1. What is the units digit of k?
4
Suppose 2*l + l + 21 = 0. Let o = l + 13. What is the units digit of o?
6
Let j(q) = -q**2 + 9*q + 1. Let y be j(9). Suppose 3*p - 2*p = -y. What is the units digit of 1*-1 - (p - 2)?
2
Let c be 29/(-6) - 2/12. Let q = 0 - c. What is the units digit of q?
5
Let q(b) = -154*b - 3. What is th